- t = b*m. Is 13 a factor of g?
True
Suppose -2*w + 0*w - 39 = -y, -8 = -2*w. Is y a multiple of 10?
False
Suppose 5*a - 4*f + 2*f - 204 = 0, -5*f = -2*a + 69. Is a a multiple of 6?
True
Does 21 divide ((-84)/(-5))/((-2)/(-15))?
True
Let h(l) = -5*l - l - 1 - 4 + l**2. Is h(8) a multiple of 7?
False
Let c = 4 - 5. Is 11 a factor of (c - 54)*8/(-20)?
True
Let w(h) = -h**2 - 29*h. Is w(-12) a multiple of 7?
False
Suppose 6*c - 20 = 2*c. Is c a multiple of 4?
False
Is 28 a factor of (21/12)/((-1)/(-52))?
False
Suppose -51 - 74 = -5*v. Let u = 37 - v. Does 4 divide u?
True
Let w = 17 + -6. Let i = 16 + w. Is i a multiple of 12?
False
Suppose 0 = j + 3*z + 66 - 24, 5*j = 2*z - 244. Let u = j - -73. Let k = 43 - u. Does 18 divide k?
True
Let g(a) = -a**2 - 16. Let f be g(0). Does 5 divide (4 + f)*(-1)/2?
False
Let r(m) = 12*m - 42. Is r(6) a multiple of 13?
False
Suppose 3*r - 2*r = 10. Is r a multiple of 7?
False
Let a = 93 + -42. Does 17 divide a?
True
Let n be (2 - 1)*(-3 - -3). Suppose u + 43 = -n*u. Let l = u + 61. Does 9 divide l?
True
Suppose 2*d - 1520 = -3*d. Is (-3)/(-9) - d/(-6) a multiple of 17?
True
Suppose 3*p = 3*l - 21, 4*l - 26 = 2*p + p. Let u be (39/(-2))/(1/p). Suppose -14 = -5*i - 4*v + u, i = -v + 10. Is 7 a factor of i?
False
Let b(l) = 27*l + 41. Is b(5) a multiple of 13?
False
Suppose -4*l = -k - 9, 3 = 3*l + 2*k + k. Let v = l + 5. Suppose 2*p + w - 21 = 0, p + 3*w - v = 2*p. Is 4 a factor of p?
True
Let o(n) = -2*n - 3*n + 0*n. Let d be o(-1). Let s(q) = -q**2 + 7*q - 4. Is 6 a factor of s(d)?
True
Let d(s) = s**2 + 2. Let z be d(0). Let y be (-2*3)/z - -6. Suppose -5*c + 0*i = -i - 182, -3*c - y*i = -120. Is 11 a factor of c?
False
Let f = -147 - -155. Does 4 divide f?
True
Let f = 18 - 12. Let l = -4 + f. Is l even?
True
Let q be (-2064)/(-21) - 6/21. Suppose 2*a + 2*c + q = 0, 32 + 11 = -a + 2*c. Let j = 75 + a. Is 8 a factor of j?
False
Suppose -2*k - 3*t = -56, -k = -5*k - 2*t + 128. Does 22 divide k?
False
Let h(w) = -w + 9. Let t be h(8). Suppose 5*g + 170 = y + 9, -4*g - y - 136 = 0. Is ((-2)/(-3) - t)*g a multiple of 3?
False
Suppose -2*b + s + 8 = b, 3*s - 4 = -5*b. Let f be -2 - 15/6*-2. Is (72/f)/3 - b a multiple of 3?
True
Let l(r) = -r + 4. Let p be l(-10). Suppose -6 = -4*k + p. Suppose -3*w + 14 = x - k*w, -5*x + 102 = -2*w. Is x a multiple of 11?
True
Let j(w) be the second derivative of -w**8/6720 + w**7/504 + w**6/180 - w**5/20 - w**4/12 + 3*w. Let u(n) be the third derivative of j(n). Does 7 divide u(5)?
True
Let i = 2 - -30. Is 13 a factor of i*1*3/6?
False
Let u(o) = -15*o. Suppose -7 + 3 = -4*y + 4*m, 0 = 4*m. Let z be u(y). Is (65/z)/(2/(-12)) a multiple of 13?
True
Let v(u) = -2*u**2 + u + 1. Let w be v(2). Let i(o) = -2*o + 1 + 2 - 5. Does 8 divide i(w)?
True
Let z(v) = -v - 2 - 2 + 0 - 5*v. Is 16 a factor of z(-5)?
False
Let r = -21 + 28. Is 4 a factor of r?
False
Suppose 5*d = d. Let w = d + 5. Is 5 a factor of w?
True
Suppose -67 = -3*m + 317. Does 50 divide m?
False
Suppose 2*h - 56 = -2*h. Let l = h + -8. Is l a multiple of 2?
True
Let a(d) = d**3 - 2*d**2 + 5*d - 6. Is 10 a factor of a(5)?
False
Let j(l) = -2*l**2 - l + 2. Let q be (-4)/2 - (0 + 2). Let m be j(q). Does 5 divide m*(9/6)/(-3)?
False
Let m = -12 - -18. Is 6 a factor of m?
True
Is 4 a factor of 1*20 - 0/(-2)?
True
Suppose -1280 = 2*q - 12*q. Does 8 divide q?
True
Let b = 124 - 64. Is 10 a factor of b?
True
Suppose k - 89 = -2*w, -5*w - 3*k + 150 = -72. Is w a multiple of 15?
True
Is 10 a factor of 3 + (-25)/5 + 85?
False
Let y = 304 + -143. Is y a multiple of 12?
False
Let r(v) = 5*v - 3. Let i be r(6). Let g = -24 + 12. Let k = g + i. Is k a multiple of 8?
False
Let a(k) = k - 3. Let n = -2 + 13. Does 8 divide a(n)?
True
Suppose 5*x + 145 = -5*g, 2*g + 37 = -x - 17. Let m = g + 46. Does 7 divide m?
True
Let t = -5 + 10. Suppose -117 = -t*o - 27. Does 9 divide o?
True
Let m(f) = f**3 + 5*f**2 + f - 4. Let c be m(-5). Let s = 4 + c. Is 5 a factor of (-3)/(-3 - 14/s)?
True
Let p(j) be the second derivative of 7*j**3/6 - j. Let c be p(-2). Let s = c - -22. Does 4 divide s?
True
Let r(v) = -v**2 + 11*v - 6. Let i = 78 + -48. Let k = -21 + i. Is r(k) a multiple of 8?
False
Let w(g) = 7*g**3 - g**2 - 3. Does 30 divide w(2)?
False
Let m be -1*3 - (-6 + 3). Suppose 2*t + 10 = 0, m*t - t - 50 = -3*k. Is 5 a factor of k?
True
Let d = -773 - 4. Does 11 divide (6/9)/((-7)/d)?
False
Let p(r) = -r - 5. Let v be p(-5). Suppose v = g + 4*a + 4, 2*g - 6*g = -2*a - 38. Is 3 a factor of g?
False
Let o = 9 - 6. Is 15/o*2*2 a multiple of 6?
False
Suppose -g + 5*a + 154 = 0, 6*a - 5*a = -4*g + 679. Does 38 divide g?
False
Let d(p) = -p + 14. Does 14 divide d(-11)?
False
Let y(z) = 2*z**2 - z - 4. Let x be y(2). Suppose x*a - 5 = 17. Is 9 a factor of a?
False
Let v(l) = l + l + 1 + 1. Let u be v(7). Let b = u + 2. Does 14 divide b?
False
Suppose 4*p = 4*y + 52, 2*y + 64 = -5*p + 17. Let t = 21 + y. Is t a multiple of 3?
False
Suppose 2*k - 4 = -2*c, -k + 5*k - 4 = -2*c. Suppose k = -5*v - 4*g + 132, 3*g - 7 - 26 = -v. Does 12 divide v?
True
Let l = 102 + -36. Suppose 33*z = 27*z + 30. Suppose -5*d - 3*y + l = 0, d + z*y = -2*d + 30. Is 5 a factor of d?
True
Let q(i) = -100*i + 2. Is q(-1) a multiple of 17?
True
Let h be ((-20)/6)/(2/(-3)). Suppose -93 = -2*x - 5*u, 7*u + 248 = h*x + 4*u. Suppose -2*t + t = -x. Does 19 divide t?
False
Let h(r) = -r**3 - r**2 - r + 77. Is 21 a factor of h(0)?
False
Let d(b) = -b**3 + 7*b**2 - 4*b + 4. Does 8 divide d(6)?
True
Suppose 0 = -7*a + 5*a + 8. Suppose -25 = -5*d, 2*x + 33 = a*d + d. Is 8 a factor of (-7 - x) + 1*19?
True
Does 14 divide -2 - 11/((-44)/736)?
True
Suppose 15 = 5*j + 4*u, -4*j = -2*j - 4*u - 6. Does 9 divide 0 + (189/3)/j?
False
Does 13 divide (-27)/((1 + 125/(-130))*-2)?
True
Suppose -2*n + 0*n - 2 = 0. Let p be n + 0 + 3 - -31. Suppose 0 = -d - 2*d + p. Is d a multiple of 10?
False
Let g(s) = s**2 + 3*s - 3. Let c be -2 + (0 + 4 - 7). Is 3 a factor of g(c)?
False
Suppose 4*s = 4*f - 384, -141 - 143 = -3*f + 2*s. Does 20 divide f?
False
Suppose -2 = 5*u - 3*o, -u - 3*u + 3*o - 1 = 0. Let k be 0/(u - 9/(-3)). Is (-1)/(k + -2)*12 even?
True
Suppose -2*s - 20 = -0. Let r(a) = 4*a - 21. Let g(d) = d - 7. Let j(b) = 7*g(b) - 2*r(b). Does 2 divide j(s)?
False
Suppose -160 = -x - 0*x. Suppose -5*y + 45 = 2*h, -5*h + 3*y + x = 6*y. Is h a multiple of 11?
False
Let w be 3/6 + (-21)/6. Is 31*(-3 + 9 + w) a multiple of 20?
False
Let x(p) = 2*p**2 + 3*p - 10. Does 17 divide x(5)?
False
Suppose u - 3*i + 6*i = 75, 105 = u - 3*i. Does 30 divide u?
True
Let k = 4 - 1. Suppose o + 43 = k*q, 4*q + o + 4*o - 32 = 0. Does 13 divide q?
True
Is (306/36)/((-1)/(-2)) a multiple of 17?
True
Let n(t) = 3*t**2 + 6*t + 8. Does 20 divide n(-6)?
True
Suppose 3*y = -f + 4*y + 257, 5*f = -5*y + 1335. Is f a multiple of 48?
False
Let a = -160 - -273. Is a a multiple of 9?
False
Let b(o) = -o**2 + 6*o + 5. Let i be b(5). Does 6 divide ((-7)/2)/((-5)/i)?
False
Suppose -2*v = -3*l - 2*l + 265, -3*l + 148 = v. Suppose 2*g + l = 5*t, 4*t - t - 5*g = 42. Suppose t = c - 23. Does 16 divide c?
True
Let z = 120 - 86. Does 17 divide z?
True
Let r = -9 - -119. Is 5 a factor of r?
True
Let x = 36 + -17. Is x a multiple of 6?
False
Let q = -6 - -9. Suppose -c + 2 = -q. Let t(r) = 2*r**2 - 5*r - 7. Does 18 divide t(c)?
True
Let l(f) = f**2 - 4*f - 1. Let w be l(5). Let a(y) = y**3 - 3*y**2 - 5*y + 4. Let k be a(w). Suppose k = 3*o + o - 20. Does 5 divide o?
True
Let g = 325 + -214. Is 37 a factor of g?
True
Suppose 2*u + 2*t + 2*t - 50 = 0, 76 = 4*u + 2*t. Let v = 12 - u. Let x = v + 35. Does 15 divide x?
True
Suppose -2*t = -3*t + 5*q - 31, -3*t - 2*q - 59 = 0. Let l = -14 - t. Let w = l + -5. Does 2 divide w?
True
Suppose -3*v = 2*w + v - 22, -5*w + 19 = v. Suppose -w*a = -3 - 51. Is a a multiple of 5?
False
Let u be (-15)/(-2)*2/3. Suppose 0 = 5*b + i + 5 - 0, u = b - i. Suppose -4*l = -b*l - 28. Is l even?
False
Let t be (-2 + 8)/(-2) - 3. Let m = -3 - t. Is 2 a factor of m?
False
Let w be (-3)/(-2) + (-3)/2. Suppose w + 55 = 5*f. Is f a multiple of 10?
False
Suppose 0 = -3*s + 16 - 7, 0 = -3*x + 4*s + 498. Is 19 a factor of x?
False
Let g = 0 + 12. Suppose -5*p = 2*w - 66, -3*w = -g + 3. Is 6 a factor of p?
True
Let h be 30/50 - 94